 -1. Let o be r(j). What is the greatest common factor of o and 6?
6
Suppose -18 = -5*c + 12. Let w(u) = -2*u + 8. Let q be w(-8). Calculate the highest common divisor of c and q.
6
Let f = 11 + -3. Let r be (-1 - 11)/((-3)/4). Calculate the highest common factor of f and r.
8
Let j be 4/(2*(-1)/1). Let c = j + 11. What is the highest common divisor of c and 3?
3
Let x be -50*(-5)/10 - -1. What is the greatest common divisor of 78 and x?
26
Let q be (-2 + -1)/(2/(-6)). Suppose 0 = 5*f + 3*n - 5*n + 3, -f - 3 = 2*n. Let y be (0 - (-9)/(-1))*f. What is the highest common factor of y and q?
9
Let c = 18 - 8. Let j = 32 - c. Let q be j - (-3 + 5)*1. Calculate the highest common divisor of q and 4.
4
Let o(g) be the third derivative of -23*g**4/24 - g**3/3 + 2*g**2. Let f = -34 - -30. Let x be o(f). Calculate the greatest common factor of 10 and x.
10
Suppose 4*q + 430 = 5*f + 6, -4*f + 331 = 5*q. Let l = f - 35. What is the highest common divisor of 7 and l?
7
Suppose 4*b = b + 6. Suppose 0 = -b*v + 51 + 205. Suppose 2*r - 5*g - 16 = 44, -3*r = 2*g - v. What is the greatest common factor of r and 5?
5
Suppose 43 = 3*p - 17. Let m be -10*4/p*-12. Calculate the greatest common factor of m and 6.
6
Let n = -84 - -106. What is the highest common divisor of 4 and n?
2
Let c be 4/(-2)*64/(-16). Let n be (-6)/c - (-54)/8. What is the greatest common divisor of n and 24?
6
Suppose 0 = 5*l - 3*i - 57, -l + 12 = -i - 1. Let v(g) = -5*g**2 - g + 2. Let k be v(-2). Let a = k - -25. What is the greatest common divisor of a and l?
9
Let n = -7 - -9. Suppose -3*w = -4*y - 6*w + 57, 3*y = -n*w + 43. Calculate the greatest common factor of y and 135.
15
Suppose -6*z + 156 = 24. Calculate the highest common factor of 88 and z.
22
Let f = -5 + 9. Suppose -r - 27 = -4*z, -100*r + 103*r = 15. What is the greatest common divisor of z and f?
4
Suppose 3*u + 0*u - 354 = 0. Let l = u + 29. Suppose 5 + 226 = 11*n. What is the greatest common divisor of n and l?
21
Suppose 5*a + 2*y = a + 74, 0 = 4*a - 3*y - 49. What is the greatest common divisor of 40 and a?
8
Suppose f - 37 = -0*f - x, -4*f = 2*x - 154. Suppose 5*i + 5*h - 5 = 0, 0 = -i + 5*h - 0*h + 25. What is the greatest common divisor of i and f?
5
Let p be -1*12/(-2 - 1). Suppose -49 = p*v - 161. Suppose -y + 4*y - 116 = -5*t, y = -2*t + 38. What is the highest common divisor of y and v?
14
Let l be 2/((-2)/(-7)*4/12). What is the highest common factor of 3 and l?
3
Let q = 3 + -3. Let v(x) = -x**3 + x + 5. Let h be v(q). Suppose 0 = -h*n + 198 + 187. Calculate the greatest common divisor of 7 and n.
7
Suppose 0 = -2*o - 3*o - k + 24, 0 = 3*o - 2*k - 4. Calculate the highest common factor of 4 and o.
4
Suppose c - 11 = -5*n + 2*c, 4*c + 14 = 5*n. Suppose -3*m - n*m = -10. Calculate the greatest common factor of 3 and m.
1
Let b(l) = 9*l**2 + 4*l + 2. Let t be b(-2). Let j = -168 - -243. Calculate the highest common divisor of j and t.
15
Let s be 0 - (0 - -1) - -1. Let a = s + 10. Calculate the highest common factor of a and 4.
2
Let d = -5 - -9. Suppose 4*s + 0*s - 812 = d*i, -4*s + 2*i + 820 = 0. What is the highest common factor of s and 23?
23
Let j(k) = k**3 + 7*k**2 + 7*k - 5. Let m be j(-5). Suppose 0 = 2*y - 39 + 9. What is the greatest common factor of m and y?
5
Suppose w = 5*w - 12. Suppose w*k - n - 15 = 0, k - n + 2*n - 1 = 0. Let g(a) = -15*a + 1. Let z be g(-1). Calculate the greatest common divisor of k and z.
4
Suppose -5*v = 14 + 41. Let l = v - -12. What is the greatest common factor of l and 1?
1
Let l(j) = -j + 14. Let q be l(10). Suppose 5*z - 2*d = 196, 2*d - 84 = q*z - 6*z. What is the highest common factor of z and 4?
4
Suppose -2*o = b + 2*b - 236, -5*o + 580 = 5*b. Let q be 4/(-3 - -7)*o. What is the highest common factor of 16 and q?
16
Suppose -330 = -4*i + 5*o, -8*i = -7*i + 3*o - 74. Calculate the highest common divisor of i and 20.
20
Let c(n) = -n**3 + 6*n**2 + 17*n + 10. Let o be c(8). Calculate the greatest common factor of o and 45.
9
Let k = 15 - 9. Let l be (1 - 1)/(-5 + 4). Suppose 0 = -l*p + p - 15. What is the highest common factor of k and p?
3
Suppose -j - 1 = -m + 12, 3*j = 0. Let d be 6/(-3)*m/(-2). Suppose -4*y + 45 = 3*x - 6*y, -2*x - 3*y + 17 = 0. What is the highest common divisor of x and d?
13
Let o be 56/6 - 3/9. Suppose 4*r - 284 = -2*m - 0*m, -2*r + 146 = -m. What is the greatest common factor of o and r?
9
Suppose -22*q + 84 = -19*q. Calculate the greatest common factor of 4 and q.
4
Suppose 0 = n - 7*l + 3*l + 5, -4*n + l + 25 = 0. Suppose 2*j = -2*j + 84. Calculate the highest common factor of j and n.
7
Suppose 4*h - 2*h - 128 = 0. Calculate the greatest common divisor of h and 16.
16
Let y(v) = -8*v - 4 + v + 3. Let q be y(-2). Calculate the highest common divisor of 13 and q.
13
Let y(p) = -35*p + 1. Let z be y(-5). Suppose -4*w + 19 = -45. Calculate the greatest common factor of z and w.
16
Let w(o) = o - 4*o + 7*o. Let g be w(1). Calculate the highest common divisor of g and 12.
4
Suppose -4*v + 29 = -27. Let m(c) = 17*c - 2. Let b be m(-11). Let d be ((-4)/6)/(9/b). What is the greatest common factor of v and d?
14
Let f(v) = v + 64. Let o be f(28). Calculate the highest common divisor of 23 and o.
23
Suppose 0 = 5*y + 2*d - 41, 7*y = 3*y + d + 25. What is the greatest common divisor of 14 and y?
7
Let r(q) = -q**3 + 2*q**2 + 5*q - 4. Let s be r(3). Let w = s - -16. Suppose 41 = 5*k - 19. Calculate the greatest common factor of w and k.
6
Let a(h) = -3*h - 27. Let k be a(-14). What is the greatest common factor of k and 5?
5
Suppose 4*p = -t - 1 + 4, -12 = -4*t - 5*p. Suppose -t*d = -d - 8. What is the highest common divisor of 12 and d?
4
Suppose -5 = -5*h - 0. Let m be (-2 + 1)*(h - 6). Calculate the greatest common factor of m and 15.
5
Let y = -46 + 82. Calculate the greatest common factor of 48 and y.
12
Let q(i) = i**2 - 16*i - 24. Let a be q(19). Calculate the greatest common divisor of 6 and a.
3
Let z = 9 - 5. Let n = 7 - z. Suppose -n*t = -180 - 72. What is the highest common divisor of 21 and t?
21
Let l = -37 + 67. Suppose g - 2*y = 3*y + l, 0 = -4*g - 2*y + 164. Suppose c = 2*x + 3*c - 56, -g = -x - 4*c. What is the greatest common factor of 36 and x?
12
Suppose -p - 2 = -6. Let a(j) = -p*j**2 + 3*j**2 - 9*j - 1 - 1. Let k be a(-5). What is the highest common factor of k and 12?
6
Let w = 7 - 7. Suppose w*v + 2*v = 110. Let n = -10 - -15. What is the greatest common divisor of n and v?
5
Suppose 0 = m + 6*j - 10*j - 148, -3*m - 3*j = -399. What is the greatest common factor of m and 34?
34
Suppose 3*d + 0*d - 132 = 0. Suppose 0 = -4*b - 3*t + 177, 2*b = b - t + d. What is the greatest common divisor of 30 and b?
15
Let b be -3*-5*6/9. Suppose -4*w + b = -34. Let t = w - -10. Calculate the highest common divisor of t and 7.
7
Suppose -3*b = -o - 10, 2*o + o - 15 = 0. Suppose 25 = 2*t - r, 5*t - 6*r + 3*r = 60. Calculate the highest common divisor of t and b.
5
Let b be (4/2 + -3)*-3. Let w be 18/(b + 6/(-3)). What is the highest common factor of 108 and w?
18
Let k be (-16)/(5/(-30)*3). Calculate the highest common divisor of 288 and k.
32
Suppose 5*f + 221 = -89. Let u = 102 + f. Let s(a) = -a**3 + 6*a**2 + 8. Let d be s(6). What is the greatest common factor of u and d?
8
Let b = 19 - 0. Calculate the highest common factor of 133 and b.
19
Let b(u) = u**2 - 4*u + 3. Let q be b(4). Suppose 5*f - 107 - 38 = 3*a, q*a + 87 = 3*f. Let h = f + -17. What is the highest common divisor of 60 and h?
12
Let w be (-2)/8 + (-298)/(-8). Suppose 2*g - w = -5. What is the highest common factor of 16 and g?
16
Let j be (-160)/(-26) + (-14)/91. Suppose -j*u + 150 = -4*u. Let d be (0 - 0) + (-1 - -16). What is the greatest common factor of d and u?
15
Let u = 9 + -6. Let a(f) = -2*f**3 - 4*f**2 + 7*f + 6. Let v be a(-4). Suppose u*o - v + 12 = 0. Calculate the greatest common divisor of 20 and o.
10
Let v(j) = 2*j + 14. Let b be v(-6). Calculate the greatest common divisor of 1 and b.
1
Suppose -o - 5*i + 372 = -35, 0 = -5*o + 4*i + 2035. Calculate the highest common divisor of o and 37.
37
Suppose -l = -4*q - 12, -2 = 3*q - 4*q - l. Let v be (2/6)/(q/(-12)). Let t be 2/9 + (-215)/(-45). Calculate the highest common factor of v and t.
1
Suppose 0 = -2*z